der when 103 is divided by b?
19
Suppose 177 = 5*d - 8. Let j = d + -27. Calculate the remainder when 15 is divided by j.
5
Suppose 43 = 3*k - 2*k. Suppose 103126 - 356074 = -394*v. What is the remainder when v is divided by k?
40
Let v = -2044 - -3483. Suppose 415 = -16*o + v. What is the remainder when o is divided by 22?
20
Let u(w) = 3*w + 2. Let s be u(2). Calculate the remainder when 230/s + 2/8 is divided by ((-1513)/(-119) - 11)*7/2.
5
Let y(m) = -m**3 - 5*m**2 - m + 2. Suppose 0 = -2*b + 14 - 6, 0 = 4*s - b + 12. Calculate the remainder when y(-6) is divided by (23/s)/((-1)/2).
21
Suppose -2*j - l = -38, -8*j + 5*l = -5*j - 83. Calculate the remainder when 69 is divided by j.
6
Suppose 6*o = -28*o + 2108. What is the remainder when (-6)/15 + o/5 + 3 is divided by 4/(-2) - (-1 + -10)?
6
Calculate the remainder when (-2538)/(-47)*115/30 is divided by 44.
31
Let a = 6 - 6. Suppose -3*w - 2*w + 80 = a. Calculate the remainder when 17/((-204)/(-16))*(-330)/(-4) is divided by w.
14
Suppose 5*d - 4*a = 640, 0 = d + 5*a - 61 - 96. Let x = 185 - d. Calculate the remainder when 152 is divided by x.
46
Let x(i) = -i**2 + 7*i + 7. Let w be 3 + (-10)/25*-5. Suppose 4*n + 5*f = -n - 5, -w*f = n + 17. Calculate the remainder when 72 is divided by x(n).
15
Let d(r) = -46*r + 44. Let l be d(1). Let n(v) = -4*v**3 - 4*v - 8. Calculate the remainder when 57 is divided by n(l).
25
Let o(h) = h**2 + 8*h + 6. Let p be o(-7). What is the remainder when 8284/(-190)*(p + 0 + -4) is divided by (-3)/(-12) + (-79)/(-4)?
18
Suppose 5*l = 10*l - 1430. Let u = 330 - l. Calculate the remainder when u is divided by 15.
14
Let g = 113 + -102. Suppose 4*d = 3*h + 37 + g, 23 = 3*d + h. What is the remainder when d is divided by 3?
0
Let k(b) = -b**3 - 19*b**2 - 19*b + 24. What is the remainder when (24/(-18))/(114/(-9747)) is divided by k(-18)?
30
Suppose -13*k + 382 = -138. Suppose k*o - 960 = -80. Let n = 62 - -68. Calculate the remainder when n is divided by o.
20
Let m(c) = c**3 - 12*c**2 - 5*c + 1. Let b be m(13). Let a = b + -68. Calculate the remainder when 144 is divided by a.
33
Let k be 3 + (3 + -3)/((-2)/1). Suppose 0 = 2*q + k*t - 608, -2*q + q + 4*t = -282. What is the remainder when q is divided by 50?
48
Suppose 2*b - 3*m = 123, -5*m = 2*b - 0*m - 115. Suppose 0 = 3*k + 4*a - 38, 5*k - 4*a = b + 46. Calculate the remainder when 68 is divided by k.
14
Let x = 8 + -9. Let v be -9*(-2 - x)*(-66)/(-18). Let j = 40 - v. Calculate the remainder when 33 is divided by j.
5
Let y = -287 + 403. Suppose 7*b = y + 31. Calculate the remainder when 38 is divided by b.
17
Let u = -9 + 21. Calculate the remainder when ((-464002)/(-132))/131*6 is divided by u.
5
Suppose 4*w = -126 - 34. Let d(v) = 80*v - 1. Let b be d(1). Let o = w + b. What is the remainder when o is divided by 11?
6
Let v(q) = -22849*q + 114280. Suppose 0 = 4*r - 4*k - 68, -3*r + k = 2*r - 69. Calculate the remainder when v(5) is divided by r.
9
Let v be 3956/14 + 56/(-98). Let n = v + -232. Calculate the remainder when n is divided by 28.
22
Let l = 99 + 54. Suppose -4*r + l = g, 3*g + 22*r - 18*r = 467. Calculate the remainder when g is divided by 5.
2
Suppose 12*y - 10*y + 133 = l, 133 = l + y. Let z be 5 - 5 - 86/(-2). Let s = z - 16. Calculate the remainder when l is divided by s.
25
Suppose 21*h + 39*h - 14*h = 2208. Calculate the remainder when 112 is divided by h.
16
Suppose 21*t + 47 = 71 + 186. Suppose 0*a = 3*a + 5*i - 47, -3*i = 4*a - 59. Calculate the remainder when a is divided by t.
4
Let w(a) = -132*a - 23. Calculate the remainder when w(-2) is divided by 38.
13
Let q(o) be the second derivative of -o**3/6 + 12*o**2 - 2*o. Let z(y) = 3*y**2 - 33*y + 15. Let s be z(10). What is the remainder when 116 is divided by q(s)?
38
Suppose -5*f = -2*s + 3*s - 134, -4 = 4*s. Let h be f/(-12)*(-24)/9. Suppose 0 = 3*i - 54 - h. What is the remainder when 138 is divided by i?
18
Let w(v) = -2*v**3 - 4*v**2 - 11*v - 10. Calculate the remainder when w(-8) is divided by 17.
13
Suppose 3*v - 132 = -3*x + 42, 4*x + 4 = 0. Suppose -73 = -3*k - 4*f, -3*k = -4*f - v - 30. Calculate the remainder when 511 is divided by k.
25
What is the remainder when 1803 is divided by 6/(((-2435)/(-310) - 8)*4/(-9))?
36
Suppose 5*h + 4*f - 35 - 101 = 0, 5*h - 4*f - 104 = 0. What is the remainder when -3 + 3 + -1 - (h + -76) is divided by 16?
3
Let s(q) = -8*q + 165. Let b be s(20). Suppose 4*l + x = 531, -x + 439 = 3*l + 41. Suppose l = b*m + 2*m. Calculate the remainder when 92 is divided by m.
16
Suppose -q + 23 = -37. Let o = -54 + q. Let p(h) = h**3 - 3*h**2 - 17*h + 13. Calculate the remainder when p(o) is divided by 13.
6
Let c be 1/2 + 21/(-6). Suppose 3*g - 4935 + 4689 = 0. Calculate the remainder when g is divided by 21 - 0*3/c.
19
Let i = 395 + -285. Suppose h + i = 130. What is the remainder when h is divided by 4?
0
Suppose 5*m + 2*j = 6881, -2*m + 1968 = -4*j - 770. What is the remainder when m is divided by 149?
34
Let j(o) = -437*o - 859. What is the remainder when 13857 is divided by j(-2)?
12
What is the remainder when -39 + 37 + ((-61)/1)/(0 - 1) is divided by 124/6 + (-12)/18?
19
Let k = -57 + 27. Let t = k - -39. Suppose -3*b + 4*b = t. What is the remainder when 42 is divided by b?
6
Let q be (-2)/(-3)*(-480)/4. Let p = 113 + q. Suppose -118*g - 25 = -123*g. What is the remainder when p is divided by g?
3
What is the remainder when 5 - (-7)/((-91)/(-5889)) is divided by 162?
134
Suppose -798*w = 2*a - 803*w - 1278, 3*a - w = 1878. What is the remainder when a is divided by 93?
66
Let a = 49 + 614. Let y = a + -648. What is the remainder when y is divided by 2?
1
Suppose -285*z = -283*z + 982. Let v = -343 - z. What is the remainder when v is divided by 40?
28
Let t(b) = 5*b**3 - 2*b**2 - 3*b + 3. Let f be t(2). Let s be (-58)/(-54) + 70/(-945). Suppose f = 5*k - s. Calculate the remainder when 9 is divided by k.
3
Suppose -130 = s - 6*s. Suppose 5769*x - 2672 = 5753*x. What is the remainder when x is divided by s?
11
Suppose 4*f - 4*z - 384 = 0, 3*z - 464 = -5*f - 0*z. Let b(w) = 3*w**2 + 62*w - 56. What is the remainder when f is divided by b(-22)?
30
Suppose 2*y + m + 4*m = -55, 4*m = -4*y - 140. Let z = 42 + y. Suppose -z*c = 5*v - 303, -6*c - v + 651 = -2*c. Calculate the remainder when c is divided by 42.
38
Let i be -3*(-4 - -4 - 1). Suppose b + 108 = i*b. What is the remainder when b is divided by 24/72 + 2/6*41?
12
Suppose -x = 4*b - 23, 0 = -b - x + 4 + 4. Suppose -3*w = -2*u - 1262, b*w - 2*u = 3*w + 844. What is the remainder when w is divided by 71?
63
Suppose -218 = -7*b + 13. Let i = 39 - b. Suppose -s - 8 = -18. Calculate the remainder when s is divided by i.
4
Suppose -4*c + 80 = -108. Suppose 61*h - 370 = 24*h. What is the remainder when c is divided by h?
7
Let f(m) = 2*m**3 + 8*m**2 - 15*m - 7. Calculate the remainder when 352 is divided by f(3).
56
Let a(f) = 2*f**2 - f + 3. Suppose -5*y = p - 151, 0 = -y + 4*y + p - 91. Let t = y + -32. Calculate the remainder when a(t) is divided by 4.
1
Calculate the remainder when 719 is divided by 6021/405 + (235/75 - 3).
14
Let l = -28 - -33. Suppose -2*x - 5*y + 2 = -l, x - 8 = 2*y. Suppose 5*g + x = 11. What is the remainder when g is divided by 1?
0
Let o = -1765 - -1871. Calculate the remainder when 134 is divided by o.
28
Let f = -316 - -460. Let q = f - 125. Calculate the remainder when 167 is divided by q.
15
Suppose -2*i = 40*g - 42*g + 72, -5*g + i = -184. What is the remainder when 1210 is divided by g?
26
What is the remainder when 60 is divided by 4 + (-15 - -5) + 20?
4
Suppose 24 + 8 = 4*q. Let s(f) = 18*f + 14. Let h = 147 - 147. Calculate the remainder when s(h) is divided by q.
6
Let u = 14082 + -13961. What is the remainder when 288 is divided by u?
46
Suppose 372*d - 162 = 5046. Suppose 4*i = q - 84, 2*q + 0*i = -i + 132. What is the remainder when q is divided by d?
12
Suppose -4*h + 15 = h. Let n = 158 + -155. Calculate the remainder when 60 is divided by (21/1)/(h*n/9).
18
Suppose -a - 4 = -8. Suppose -10*b = -a*b - 132. What is the remainder when 1/4*-2*-172 is divided by b?
20
Let z = -2 + 25. Let r(p) = p**2 - 23*p + 64. Let o be r(5). Calculate the remainder when ((-234)/o)/(2/10) is divided by z.
22
Let h be 272/(-